591 a prime number?
True
Is 36166811 composite?
True
Is 401941 composite?
True
Is 9504307 prime?
True
Is 8625877 a prime number?
False
Is 1111333 composite?
False
Is 84029 a composite number?
True
Is 12847703 composite?
True
Is 84660469 a prime number?
False
Is 1683082 a prime number?
False
Is 4201667 a prime number?
False
Is 20647371 prime?
False
Is 135189739 a prime number?
False
Is 2959435 a prime number?
False
Is 66462677 prime?
True
Is 206981 prime?
False
Is 2185333 a prime number?
False
Is 60652259 a composite number?
False
Is 4628003 a prime number?
True
Is 48726365 prime?
False
Is 27980987 prime?
True
Is 49853 a prime number?
True
Is 21146161 composite?
False
Is 1551133 a prime number?
True
Is 74607761 a composite number?
False
Is 845382533 prime?
True
Is 18932107 composite?
False
Is 7707097 prime?
True
Is 26927315 a composite number?
True
Is 15527989 a composite number?
False
Is 118005739 a composite number?
False
Is 14316349 a composite number?
False
Is 161963 a composite number?
True
Is 670274213 prime?
False
Is 4127407 prime?
True
Is 614872009 prime?
False
Is 133144889 prime?
False
Is 7457231 a prime number?
True
Is 10855777 a composite number?
True
Is 82008473 a prime number?
False
Is 9657001 a prime number?
True
Is 33888997 composite?
False
Is 2855843 a composite number?
False
Is 42705161 composite?
False
Is 16763347 prime?
True
Is 81916981 a composite number?
False
Is 32147761 a prime number?
True
Is 618523907 composite?
False
Is 31770067 a prime number?
False
Is 20749487 composite?
True
Is 37487753 a prime number?
True
Is 84630694 composite?
True
Is 115778009 a prime number?
True
Is 1397437 a composite number?
False
Is 19694467 a composite number?
True
Is 25291727 composite?
True
Is 3087547 a prime number?
True
Is 68011121 prime?
False
Is 66807943 a composite number?
True
Is 126996113 a composite number?
False
Is 2690903 a composite number?
True
Is 957365 composite?
True
Is 278231 a prime number?
False
Is 224326279 a prime number?
True
Is 468236069 a prime number?
False
Is 26713321 a composite number?
True
Is 91629191 a prime number?
False
Is 69674897 composite?
False
Is 145861 a prime number?
True
Is 3532429 a prime number?
True
Is 70216117 prime?
False
Is 119750753 a prime number?
True
Is 205207 composite?
True
Is 359468511 prime?
False
Is 358027 prime?
False
Is 3779849 a composite number?
False
Is 338977 prime?
False
Is 16900237 a prime number?
True
Is 3424879 composite?
False
Is 3403867 a prime number?
False
Is 26019863 a prime number?
False
Is 3626785 a prime number?
False
Is 6789017 composite?
False
Is 2647499 composite?
False
Is 40284971 composite?
True
Is 28904935 composite?
True
Is 10349 composite?
True
Is 10979723 a composite number?
True
Is 8668889 composite?
False
Is 33827 a prime number?
True
Is 1602241 composite?
False
Is 46277087 prime?
True
Is 136945211 composite?
True
Is 27191 a composite number?
False
Is 4336599 prime?
False
Is 1674781 a prime number?
False
Is 10674899 a prime number?
True
Is 547913 prime?
False
Is 282350455 a prime number?
False
Is 172322 composite?
True
Is 81712241 composite?
True
Is 166940597 composite?
False
Is 30802973 composite?
False
Is 105076999 a composite number?
False
Is 111732689 a prime number?
False
Is 57931789 prime?
True
Is 58530131 a prime number?
False
Is 34691143 a composite number?
True
Is 1854631 prime?
False
Is 681157 a prime number?
False
Is 87557401 a composite number?
False
Is 2901513 a composite number?
True
Is 1284737 composite?
False
Is 1371638 prime?
False
Is 16149769 prime?
False
Is 3133237 a prime number?
True
Is 29324767 a composite number?
False
Is 610271 composite?
False
Is 468996991 composite?
True
Is 86111693 prime?
True
Is 11797661 composite?
False
Is 9943819 a composite number?
False
Is 5708126 a composite number?
True
Is 8187089 a prime number?
True
Is 51047663 a prime number?
True
Is 3063509 prime?
False
Is 1677997 a composite number?
False
Is 142040669 a prime number?
False
Is 180595859 composite?
True
Is 28737019 composite?
True
Is 41013613 prime?
True
Is 61473053 a composite number?
True
Is 120763 a prime number?
True
Is 46544789 prime?
True
Is 20262581 a prime number?
True
Is 358214737 composite?
False
Is 7162861 prime?
True
Is 305212961 a prime number?
True
Is 302053 prime?
True
Is 215038273 a prime number?
True
Is 1550251 prime?
False
Is 7475137 prime?
True
Is 3881803 a prime number?
True
Is 6777007 a prime number?
True
Is 952438 a composite number?
True
Is 393959 composite?
True
Is 6211757 a composite number?
False
Is 23829983 a composite number?
True
Is 47945537 composite?
False
Is 1258747 prime?
False
Is 18433169 prime?
False
Is 170357029 prime?
True
Is 17955149 composite?
False
Is 1657511 prime?
False
Is 1028129 a prime number?
True
Is 2525113 composite?
False
Is 47199149 a prime number?
True
Is 1663037 composite?
True
Is 89278919 a composite number?
False
Is 11949871 a prime number?
False
Is 12942883 composite?
False
Is 1134209657 composite?
True
Is 28391707 composite?
False
Is 21376435 composite?
True
Is 556293391 composite?
False
Is 2458223 prime?
True
Is 121178767 a composite number?
False
Is 5786149 a composite number?
True
Is 2469023 a composite number?
True
Is 23744779 prime?
True
Is 121040941 a prime number?
False
Is 21449161 a prime number?
True
Is 58186981 composite?
True
Is 12145729 a composite number?
True
Is 27874867 a composite number?
True
Is 6406133 composite?
True
Is 19219909 prime?
False
Is 80090653 composite?
False
Is 99324643 prime?
False
Is 140105153 a prime number?
False
Is 1320469 a composite number?
True
Is 122301269 a composite number?
False
Is 33653435 composite?
True
Is 9757171 composite?
False
Is 842321607 composite?
True
Is 30829777 a composite number?
True
Is 24337861 a prime number?
True
Is 45981727 a prime number?
False
Is 1313723 a composite number?
False
Is 16522699 a prime number?
False
Is 525689 prime?
False
Is 412285 a prime number?
False
Is 88332739 a prime number?
False
Is 112741 composite?
False
Is 16092437 composite?
False
Is 45990929 composite?
False
Is 434087 composite?
False
Is 592064977 composite?
True
Is 658807 prime?
True
Is 251285299 composite?
False
Is 4011359 prime?
False
Is 218501251 prime?
True
Is 190583899 a prime number?
False
Is 2453501317 prime?
True
Is 269191 prime?
False
Is 226441 composite?
True
Is 2827535 a composite number?
True
Is 7904401 composite?
True
Is 4224037 composite?
False
Is 4013363 a composite number?
False
Is 70632737 a composite number?
True
Is 192834443 a prime number?
True
Is 316794943 composite?
True
Is 36556045 composite?
True
Is 29606557 a prime number?
False
Is 23656847 composite?
False
Is 76906735 a composite number?
True
Is 8745799 composite?
False
Is 1157031653 prime?
True
Is 19250723 a composite number?
False
Is 18455113 prime?
False
Is 35066618 a composite number?
True
Is 108619487 a composite number?
False
Is 56912795 prime?
False
Is 5359961 composite?
False
Is 64850491 a prime number?
True
Is 7339433 a composite number?
False
Is 52611841 prime?
True
Is 55289671 composite?
False
Is 116273459 a composite number?
False
Is 111558247 a prime number?
True
Is 31707239 composite?
True
Is 104110777 prime?
True
Is 244736571 prime?
False
Is 8846681 composite?
True
Is 146084707 a prime number?
False
Is 31700681 a composite number?
True
Is 407569343 prime?
True
Is 33608411 composite?
False
Is 2421491 prime?
True
Is 128277403 a composite number?
False
Is 25010407 a prime number?
False
Is 1589579 prime?
False
Is 43689497 a composite number?
True
Is 1175611 prime?
False
Is 3561083 a composite number?
True
Is 6301291 prime?
True
Is 31632793 prime?
True
Is 12153605 composite?
True
Is 118891 a composite number?
False
Is 157727069 a composite number?
False
Is 84729587 composite?
False
Is 1835689 a prime number?
True
Is 2436371 prime?
False
Is 149333 composite?
False
Is 369650783 a prime number?
True
Is 4751189 a prime number?
False
Is 105616887 a prime number?
False
Is 6623141 a composite number?
True
Is 127391129 composite?
True
Is 78092951 a prime number?
False
Is 26149231 a composite number?
False
Is 304297619 composite?
False
Is 42680449 a composite number?
True
Is 66167147 prime?
True
Is 2374237 composite?
True
Is 18496399 composite?
False
Is 1689431 composite?
False
